3*f - 5*t = 0, -2*f - 5*t = -4*f - 5. Suppose 0 = 2*l + n - 22, -3*l + f*n + 65 = 6. What is the units digit of l?
3
Suppose 4*r = 6*r - 2. Suppose -3*j + 23 = -f, -2*f + 3*f + 7 = j. Suppose -l = -r - j. What is the units digit of l?
9
Let h = -17 - 4. Let b(l) = l**3 - 6*l**2 - 2*l - 1. Let t be b(6). Let p = t - h. What is the units digit of p?
8
Suppose 2*g - 126 + 8 = 0. What is the tens digit of g?
5
Let v = 4 - 4. Suppose 4*h - 2*h = v. Suppose -3*k + 24 + 3 = h. What is the units digit of k?
9
Suppose 0 = -2*g + 76 - 8. What is the units digit of g?
4
Let v = -206 - -134. Let c be 16/v - 14/18. What is the units digit of (-2 - -2 - c)*11?
1
Suppose 0 = z - 2*f - 32, 5*z - 201 + 74 = -f. What is the tens digit of z?
2
Let x be (-30)/(-4) + -1 - 17/(-34). Let h(i) = 3 + 2*i + 6*i + 3*i**2 - 4*i**2. What is the units digit of h(x)?
0
Let f = 3 - 6. Let a = f + 11. What is the units digit of a?
8
Let g = 5 + 15. What is the units digit of g?
0
Let o(i) = 100*i**2 - 2. What is the tens digit of o(1)?
9
Suppose 13*r - 1320 = 5*r. What is the units digit of r?
5
Suppose 0 = -2*g - 0*g + 4. Suppose -3*h = -g*h - 13. What is the units digit of h?
3
Suppose 1 = 3*a - k, -2*a - 3*a = -2*k. Suppose a*q = -q - 2*n + 46, 5*n + 20 = 0. What is the tens digit of q?
1
Let v = -93 - -47. Let p = -27 - v. What is the units digit of p?
9
Let t = 4 + -3. Let c = 1 + t. What is the units digit of (c + 5/(-3))*6?
2
Suppose 170 + 19 = 3*v. What is the units digit of v?
3
Let y = 9 - 8. Let v(h) = -h - 3. Let i be v(-5). Let d = i + y. What is the units digit of d?
3
Let n = -19 + 31. Suppose -2*d = -4*d + 5*i + n, 3*i = 2*d - 12. Let t(g) = 2*g - 8. What is the units digit of t(d)?
4
Let j(q) = -q + 1. Let i be j(1). Let l be (-92)/(-28) - (-2)/(-7). Suppose 3*v - l + 0 = i. What is the units digit of v?
1
Let c(v) = -v**3 - 12*v**2 + 14*v + 15. Let z be c(-13). Suppose 3*i = 17 - z. What is the units digit of i?
5
Let i = -1 - -13. Suppose l - 15 = -4*d, -2*d + 5*l = -d + i. Let x(g) = 4*g + 1. What is the units digit of x(d)?
3
Suppose 10*u - 1001 = -3*u. What is the tens digit of u?
7
Suppose -y + 12 = -4*f, 0 = -3*y + y + f + 31. What is the tens digit of y?
1
Let k(t) = -t**2 - 14*t + 11. What is the tens digit of k(-10)?
5
Suppose -48 = -n + 4*n. What is the tens digit of (-1 + n)*-1 - 1?
1
Let g = -9 - -3. Let v = g + 4. What is the tens digit of (-58)/(-6) + v/(-6)?
1
Suppose 0 = 5*o + 68 + 152. Let i = -16 - o. Suppose 3*x - i = -7. What is the units digit of x?
7
Let m(t) = 2*t**2 + t - 2. Let f be m(-2). Suppose -10 = -f*y + 6. Suppose y*g + 5 = 5*g. What is the units digit of g?
5
Let w = 10 + 15. What is the units digit of w?
5
What is the units digit of (-3)/((-925)/(-235) - 4)?
7
Suppose g - 15 = -133. Let i be 4*(g/(-8) + -1). Suppose -t - 4*t + i = 0. What is the tens digit of t?
1
Suppose 0 = 4*k - v - 88, -2*k + 3*v - 4 + 48 = 0. What is the units digit of k?
2
Let o(w) be the second derivative of w + 3/2*w**2 + 0 + 1/12*w**4 - 1/2*w**3. What is the units digit of o(2)?
1
Let v be 8 + 6/(-2) + 4. Let l = 27 - v. What is the tens digit of l?
1
Suppose 5*j + 0*j - 35 = 0. Suppose -2*y = -3*o + 25, 5*o + j*y - 4*y - 10 = 0. What is the units digit of o?
5
Let c(g) = 16*g**2 + g + 2. Suppose -p = p + 2. What is the units digit of c(p)?
7
Suppose 4*c = 2*o + 6 + 2, o = -5*c + 17. Suppose o*q = 6*p - 4*p - 64, 5*q = -5*p + 160. What is the tens digit of p?
3
Let c(z) = 12*z - 5. What is the tens digit of c(5)?
5
Suppose -3*j + 5 = k, 5*k + 10 = 3*j + 53. What is the units digit of k?
8
Suppose -2*n + 5*j = 12, 0 = n + 2*n + 5*j - 32. Let i be 2/n - 3/(-2). Suppose -i = -4*a + 2. What is the units digit of a?
1
Let a(v) = -v + 10. What is the units digit of a(8)?
2
Let l(f) = f**3 + f + 26. Let w be l(0). Suppose -u + 4*d - 4 = 3, 9 = 3*d. Suppose 0*o + z - w = -u*o, o + z = 2. What is the units digit of o?
6
Let d(a) = -a**2 + 6*a + 2. Let p be d(6). Suppose 5*v - 30 = 3*u, v + p*u + 24 = 5*v. Let z(i) = i**3 - 5*i**2 - 5*i - 2. What is the units digit of z(v)?
4
Let z be ((-5)/2)/(4/(-8)). Suppose -2 = 2*q, -z*f - q + 45 = -6*q. What is the units digit of f?
8
Let l = -14 - -70. Suppose -2*b - 4*t + l = 0, 0*b + 2*t - 64 = -3*b. What is the units digit of b?
8
Let h = -33 + 38. What is the units digit of h?
5
Suppose 0 = 2*y - 7*y - 2*l + 100, -3*y = 3*l - 69. Suppose -5*p = i + i - y, 2 = p. What is the units digit of i?
4
Let u(f) = f**2 + 3*f + 1. Let l be u(-4). Suppose -4*s = -l*v + 397, -3*s + 0*s = 3*v - 249. What is the units digit of v/15 - 2/5?
5
Suppose -16 = -3*g - 2*h, 0*h - 29 = -5*g - h. What is the units digit of g?
6
Let i = -5 + -3. Let v = i + 14. Suppose d + 5*r = v*d - 55, 3*d + 3*r = 63. What is the tens digit of d?
1
Suppose -3*k = 3*f - 2*f - 3, -3 = k - f. Let d(v) = -v**3 + v**2 + 27. What is the tens digit of d(k)?
2
Suppose 0 = 3*x - 1 - 2. Let t = x - -13. What is the tens digit of t?
1
Let g be 47 - ((3 - 4) + 2). Let n = g + -28. What is the tens digit of n?
1
Suppose 4*p = 6*p + 20. What is the units digit of (3 - -18)*p/(-6)?
5
Suppose 3*k - 279 = 4*j + 542, 0 = -4*j + 16. What is the hundreds digit of k?
2
Suppose 5*t - 4 = 11. Suppose -3*p = t*q - 57, -4*p + 6*q - 2*q + 116 = 0. Suppose x + 3*c - p = -0*x, 0 = 3*x - c - 32. What is the units digit of x?
2
Suppose -39 = -4*q + q. What is the units digit of q?
3
Suppose 5*j + 1254 = 11*j. What is the tens digit of j?
0
Suppose 2*y + 12 = 3*y. Let w = 21 - y. What is the units digit of w?
9
Let o(k) = 20*k**2. What is the tens digit of o(-1)?
2
Let z be ((-20)/(-6))/(-5)*-3. Let d = -7 + 12. Suppose 0 = 2*x - z, 0 = -2*y + d*x + 7 + 10. What is the tens digit of y?
1
Let w(u) = 4*u - 6*u + 3 - 2. Let d(k) = -6*k + 4. Let j(g) = 2*d(g) - 7*w(g). What is the units digit of j(7)?
5
Let u = 67 + -48. What is the units digit of u?
9
Suppose -h + 5*h = 8. Suppose h*v + 12 = 6*v. Let w = 7 - v. What is the units digit of w?
4
Let g(d) = -1 - 2*d + 5*d + d. Suppose -3 = -2*s - 1. What is the units digit of g(s)?
3
Let r = -10 - -14. Let z = -14 + 22. Suppose -4*c - z = 0, -c + 25 - 3 = r*o. What is the units digit of o?
6
Suppose 0*g = 7*g - 119. What is the units digit of g?
7
What is the tens digit of (1/(-2))/(4/(-296))?
3
Let y(v) = -v - 5. Suppose -3*a + 7 = -4*a. Let m be y(a). Suppose 5*u - u = r + 33, 0 = 2*r + m. What is the units digit of u?
8
Let c = -55 - -55. Suppose 2*o - 4 = -0. Suppose r + o*r + z - 18 = c, -z = 0. What is the units digit of r?
6
Let g(p) = 2*p**2 - 2*p + 3. Let n be g(3). Suppose 0 = -5*m + 2*m - 3*y + 9, -n = -3*m - y. What is the units digit of m?
6
Suppose 3*b - 4*b - 4*j = 10, 2*j = -6. What is the units digit of b/4 - 9/(-6)?
2
Suppose -3*r - 4*c = -c - 9, 4*c = 4*r + 12. Let m(y) = -y**2 + 14. What is the tens digit of m(r)?
1
Let y(j) = 2*j + 22. What is the units digit of y(-7)?
8
Let h = 5 + -4. Let x = -1 + h. Let j(c) = -c**2 - c + 7. What is the units digit of j(x)?
7
Let x(n) = 3*n**2 - 2*n + 2. Let t(c) = c**2 - c + 1. Let s(u) = 7*t(u) - 2*x(u). What is the units digit of s(3)?
3
Let c(x) = -x**3 - 8*x**2 - 8*x - 5. Let i be c(-7). Suppose -i*n + 36 = -12. Suppose -3*g + 2*f + n = 0, -2*g = 3*g + 2*f - 24. What is the units digit of g?
6
Let d(b) = b**2 - 4*b - 5. Let c(z) = 2*z + 2. Suppose 3*s - 6 = -0. Let p be c(s). What is the units digit of d(p)?
7
Let d(g) be the second derivative of g**3/3 + g**2 - g. What is the units digit of d(4)?
0
Suppose 4*s + 0*s = 16. Suppose j = -r + 6*r - 5, 3*r = s*j - 65. What is the units digit of j?
0
Suppose 4*i = 5*h + 13, -3*h = 5*i - 2 - 5. Let n be 12/(-9) + h/(-3). Let z = 3 + n. What is the units digit of z?
2
What is the units digit of 22/10 - 4/20?
2
Suppose 0 = 6*b - 186 - 1458. What is the tens digit of b?
7
Let s(v) be the third derivative of v**5/30 + v**4/12 - v**3/6 + 4*v**2. Let t = 5 + -3. What is the units digit of s(t)?
1
Let z(k) = 16*k**2 - 3*k - 6. What is the units digit of z(-4)?
2
Suppose -5*d - 149 = -2*y, 3*d = 4*y - 2*d - 293. What is the tens digit of y?
7
Suppose -20*c = -18*c - 150. What is the tens digit of c?
7
Let i = 5 - -25. Suppose 0*t + 3*t = i. What is the units digit of t?
0
What is the tens digit of (-19 + 13)*(-8)/1?
4
Suppose 0*i - i - 1 